 highest common divisor of b and 8.
4
Suppose 5*g = 6*g + 4. Let q = g + 14. Let f = -3 + q. What is the highest common factor of f and 63?
7
Let w = 74 + -24. Suppose 0 = -b - 0*b + w. Let k be -2*(0 + 20*(-9)/18). What is the highest common divisor of b and k?
10
Let o = -86 - -91. Suppose o*r = -3*f + 162, 3*r - 5*f - 103 = 1. What is the highest common factor of r and 3?
3
Suppose -2*d = 5*p - 0*d - 61, 2*p - d = 19. Let h be (-116)/(-10) + (-14)/(-35). Let z be (-330)/4*(-8)/h. Calculate the highest common divisor of p and z.
11
Suppose -20*z - 81 = -241. Calculate the greatest common divisor of z and 184.
8
Let l = 51 + -39. Let y = 176 - -112. Suppose v + 3*v - y = 0. What is the highest common factor of v and l?
12
Let r = -18 + 78. Let h(t) = -4*t - 8. Let f be h(-5). Calculate the highest common divisor of r and f.
12
Let r(g) = 17*g + 20. Let l be r(-1). Calculate the highest common factor of 3 and l.
3
Let m(b) = 124*b**3 + 5*b - 6. Let c be m(1). What is the greatest common factor of c and 6?
3
Let p(y) = -y**2 + 9*y - 15. Let i be p(5). Let r = i + -1. What is the highest common divisor of r and 12?
4
Let l = -36 - -48. Suppose i + 3 = -z + 8, 3*z - l = 0. Let j be (-3)/15*(-115)/i. What is the greatest common divisor of j and 115?
23
Suppose 0 = 3*l - 5*l + 54. What is the greatest common factor of 3 and l?
3
Let h = 367 - 257. Let i(b) = 12*b**2 - 2*b + 1. Let u be i(1). What is the highest common factor of u and h?
11
Let c = -85 - -229. Let b be -3 + 7 + 1 + (-99)/(-9). Calculate the highest common factor of b and c.
16
Let b be (-280 - 2)*(-9)/(-6). Let z = b - -687. Calculate the greatest common divisor of 24 and z.
24
Let i = -4 - -7. Let r(o) = 24 + 27*o**3 - 13*o + 19*o**2 - 26*o**3 - 7*o. Let p be r(-20). What is the greatest common divisor of p and i?
3
Let z = -8 + 40. What is the highest common factor of z and 32?
32
Let f be (-571)/(-6) + 7/(-42). Calculate the highest common divisor of f and 2375.
95
Let t(a) = -21*a + 7. Let j be t(-7). Suppose i = 14 + 8. Calculate the greatest common factor of j and i.
22
Suppose 0 = -3*o + 6 + 12. Let r be (1 - -79)*o/12. Suppose -7*v + 3*v + r = 0. What is the greatest common divisor of 30 and v?
10
Suppose -7*b + 213 = -4*b. Let i = b + -38. Calculate the highest common factor of i and 3.
3
Suppose 5*u - 18 = -3. Suppose -2*a + 0*g - u*g = -35, 3*a - 45 = -3*g. What is the greatest common factor of a and 15?
5
Let l(o) = o**3 - 4*o**2 + 4*o. Let a be l(3). Suppose -54*t = -48*t - 2826. Suppose -t = -a*p + 393. Calculate the highest common factor of 32 and p.
32
Let k = -5 - -9. Suppose -4*p + 405 = 3*j - 410, -5*p = k*j - 1020. Suppose -o + 3*m = -55, -4*o + m + p = -m. What is the greatest common divisor of 7 and o?
7
Let n(t) = 12*t**2 + 3*t + 2. Let f be n(-1). Let u be (-90)/(f/(-3) + 3). Let q = -18 + 72. What is the highest common factor of u and q?
27
Let b(q) = q**2 - 3*q + 1. Let l be b(2). Let x be (-51)/(-3) - l*2. Suppose -11 = 4*j - x. What is the highest common factor of 6 and j?
2
Let w be (0 - -4)*(-564)/(-8). Calculate the highest common divisor of w and 376.
94
Let l be 759/9 - 2 - (-93)/(-279). Let m(d) = -2*d**3 - 10*d**2 - 8*d + 3. Let w be m(-6). What is the greatest common divisor of l and w?
41
Let m = 210 - 140. Let j(d) = -3*d + 55. Let o be j(15). What is the highest common factor of o and m?
10
Let m be (2/(-1))/(-9 + 11). Let x(d) = -21*d + 4. Let a be x(m). What is the highest common divisor of 5 and a?
5
Suppose 2*p = 28 + 20. Suppose -4*s + p = -2*s. Suppose -3*h + 5*w = -8, -5*w + 24 = 5*h - 8*w. What is the highest common divisor of h and s?
6
Suppose f = -2*l + 107, 0 = -81*l + 78*l + 5*f + 180. What is the highest common divisor of l and 3355?
55
Let b(z) = 43*z**3 + z**2 - 2*z. Let s be b(1). Let h be ((-24)/(-7))/(3/s). What is the greatest common divisor of 32 and h?
16
Let d = -389 - -403. Let u(y) = -y**3 + 7*y**2 + 4*y - 4. Let h = -6 - -12. Let v be u(h). Calculate the greatest common factor of d and v.
14
Suppose 2*v = 10, -3*w + 15*v - 19*v = -545. Calculate the greatest common factor of w and 49.
7
Suppose -4*h - 455 = -9*h. Suppose -15*t = -h - 104. Calculate the highest common divisor of t and 104.
13
Let n be (-1)/(-1)*(-3)/(-3). Let c be 151*((-4 - -4) + n). Suppose -245 - c = -4*k. Calculate the greatest common factor of k and 11.
11
Let n = 4 + -4. Suppose -4*f = -4*u - 56, n*f + 3*f - 2*u = 44. Suppose 200 = 14*m - 9*m. What is the highest common factor of f and m?
8
Let n = -215 - -229. What is the highest common factor of n and 35?
7
Let k(a) = 5*a + 761. Let x be k(23). Calculate the highest common divisor of x and 24.
12
Suppose 2*s + 3*w - 341 = 0, 3*s - 2*w = w + 504. Calculate the highest common divisor of s and 39.
13
Suppose -39*g + 44*g - 75 = 0. What is the highest common factor of 100 and g?
5
Let a = 6 + -3. Suppose -6*z + a*z + 12 = 0. Suppose 5*r + 55 = 5*y, 3*y + r - 73 = -z*r. Calculate the greatest common factor of 16 and y.
16
Let w(y) = y + 110. Let n be w(23). What is the greatest common factor of 38 and n?
19
Let s = 14 + -10. Suppose s*m + 20 = 0, -8*y + 350 = -3*y + 2*m. What is the greatest common factor of y and 9?
9
Let c be (((-60)/(-5))/3)/((-8)/(-4)). Let b = 69 - 67. Calculate the greatest common divisor of b and c.
2
Let m(n) be the third derivative of -n**5/60 + 3*n**4/8 + 4*n**3/3 + 10*n**2. Let k be m(8). Calculate the greatest common divisor of k and 112.
16
Let q(o) = o + 6. Let u be q(0). Suppose -4*s - 3*l + 114 = 0, -4*l = -29*s + 25*s + 128. What is the greatest common factor of s and u?
6
Suppose -19*u = -1798 - 25049. What is the highest common factor of u and 9?
9
Let b be (0 - 40/(-8)) + 0. What is the greatest common divisor of b and 2?
1
Suppose 596 = 4*i - 4*p, -3*i = -0*i + p - 431. What is the highest common divisor of i and 25?
5
Let q(i) = i**2 + 5*i + 44. Let u be q(-13). What is the greatest common factor of 222 and u?
74
Let h be -2 + (-2 - -1) - (-1074 + -63). What is the highest common divisor of 21 and h?
21
Suppose 20*c - 24*c + 45 = -5*u, u = -2*c + 33. Suppose a - 5*o = 16, a - 4*o - 14 = -a. Let k = 5 + a. What is the greatest common factor of k and c?
3
Let d be 123/9*1 + 8/(-12). Suppose 0 = -3*x + 2*x + 39. Calculate the greatest common divisor of x and d.
13
Let g be (-10)/20*2*2. Let v be (31 - g) + (-1 - 2). Let f(r) = -r**2 - 7*r - 2. Let k be f(-3). Calculate the greatest common factor of v and k.
10
Suppose 9*j - 19*j + 120 = 0. Let h(l) = -10*l - l**3 + 13*l**2 + 3 + 5 + 2 - 1. Let k be h(j). What is the highest common factor of k and 198?
33
Let g = 64 - 36. Let b be (0/5)/((-6)/(-2)). Suppose 0 = -3*i - 4*c + 54, b = 5*i + 2*c + 18 - 94. Calculate the greatest common factor of i and g.
14
Let t(a) = -a**3 + 15*a**2 + 2*a - 19. Let q be t(15). What is the highest common divisor of 55 and q?
11
Suppose 5*g = l + 121, -2*g = l - 30 - 17. Let q = 113 - 17. What is the greatest common divisor of q and g?
24
Suppose 3*p + 1 - 16 = 0. Let b(u) = 0*u - p*u**2 - u + 3*u**3 + 4 - u. Let l be b(4). Calculate the greatest common factor of 12 and l.
12
Suppose 5*m - 108 = 2*m - 2*u, -2*m + 88 = -4*u. What is the highest common divisor of m and 4?
2
Let a = -35 + 62. Suppose 2*k + 5 = a. What is the greatest common divisor of 22 and k?
11
Let c be ((-32)/48)/(2/66). Let k = 26 + c. What is the highest common factor of k and 4?
4
Let y = 264 + -252. Let x(z) = 2*z**2 - 3*z - 6. Let s be x(-6). What is the highest common factor of s and y?
12
Let t(j) = -2*j**3 - 5*j**2 - 4*j - 1. Let b be t(-3). Let l = -36 - -43. Suppose -l*m = -18 - 17. Calculate the greatest common divisor of b and m.
5
Let w = -36 + 58. Suppose -8 = -2*g + w. Let r = 12 - -3. What is the greatest common divisor of r and g?
15
Let x be (-18)/(-8) - (-1)/(-4). Let g be 59 - (-1*x - -1). Let h(n) = 2*n**2 - 11*n - 568. Let u be h(20). Calculate the highest common divisor of g and u.
12
Let r = 587 - 559. Let a = 5 - -23. Suppose -3*t = -5*t + a. Calculate the greatest common divisor of t and r.
14
Let x be (-6)/(-1)*((-20)/(-12) - 1). Let n(d) = d**2 + 6*d + 6. Let k be n(x). What is the highest common factor of 69 and k?
23
Suppose 0 = -5*q - 0*q + 2295. Suppose 9*l + 1 = 10*l - 50. Calculate